{"id":48382,"date":"2024-07-05T16:17:16","date_gmt":"2024-07-05T16:17:16","guid":{"rendered":"https:\/\/www.parkinson.ca\/recherche\/reseau-canadien-ouvert-de-la-maladie-de-parkinson\/"},"modified":"2025-02-07T18:48:00","modified_gmt":"2025-02-07T18:48:00","slug":"reseau-canadien-ouvert-de-la-maladie-de-parkinson","status":"publish","type":"page","link":"https:\/\/www.parkinson.ca\/fr\/recherche\/reseau-canadien-ouvert-de-la-maladie-de-parkinson\/","title":{"rendered":"R\u00e9seau canadien ouvert de la maladie de Parkinson"},"content":{"rendered":"\n<div class=\"wp-block-cover alignfull\"><span aria-hidden=\"true\" class=\"wp-block-cover__background has-background-dim\"><\/span><img loading=\"lazy\" decoding=\"async\" width=\"700\" height=\"394\" class=\"wp-block-cover__image-background wp-image-40618\" alt=\"Clinical Trials Research\" src=\"https:\/\/parkinson.ca\/wp-content\/uploads\/Template-social-media-and-blog-8-700x394.png\" data-object-fit=\"cover\" srcset=\"https:\/\/www.parkinson.ca\/wp-content\/uploads\/Template-social-media-and-blog-8-700x394.png 700w, https:\/\/www.parkinson.ca\/wp-content\/uploads\/Template-social-media-and-blog-8-300x169.png 300w, https:\/\/www.parkinson.ca\/wp-content\/uploads\/Template-social-media-and-blog-8-150x84.png 150w, https:\/\/www.parkinson.ca\/wp-content\/uploads\/Template-social-media-and-blog-8-768x432.png 768w, https:\/\/www.parkinson.ca\/wp-content\/uploads\/Template-social-media-and-blog-8-1536x864.png 1536w, https:\/\/www.parkinson.ca\/wp-content\/uploads\/Template-social-media-and-blog-8-100x56.png 100w, https:\/\/www.parkinson.ca\/wp-content\/uploads\/Template-social-media-and-blog-8-890x501.png 890w, https:\/\/www.parkinson.ca\/wp-content\/uploads\/Template-social-media-and-blog-8-1264x711.png 1264w, https:\/\/www.parkinson.ca\/wp-content\/uploads\/Template-social-media-and-blog-8.png 1920w\" sizes=\"auto, (max-width: 700px) 100vw, 700px\" \/><div class=\"wp-block-cover__inner-container is-layout-flow wp-block-cover-is-layout-flow\">\n<h2 class=\"wp-block-heading has-text-align-center has-base-color has-text-color has-link-color has-xlarge-font-size wp-elements-8f362347eea5df8e003f7f011369debf\"><strong>Parkinson Canada est un partenaire fondateur, investissant et collaborant avec des chercheurs de premier plan de tout le Canada pour cr\u00e9er le R\u00e9seau canadien ouvert de la maladie de Parkinson .<\/strong><\/h2>\n<\/div><\/div>\n\n\n\n<div style=\"height:100px\" aria-hidden=\"true\" class=\"wp-block-spacer is-style-responsive-xsmall\"><\/div>\n\n\n\n<div style=\"height:100px\" aria-hidden=\"true\" class=\"wp-block-spacer is-style-responsive-xsmall\"><\/div>\n\n\n\n<p class=\"has-text-align-center\">Il s&rsquo;agit d&rsquo;un r\u00e9seau de recherche national \u00e0 grande \u00e9chelle qui renforcera consid\u00e9rablement notre capacit\u00e9 \u00e0 d\u00e9couvrir les r\u00e9ponses, dans le but de fournir des traitements et des services personnalis\u00e9s qui am\u00e9liorent la vie. Dix des meilleures universit\u00e9s canadiennes et centres de recherche sur les troubles du mouvement de Colombie-Britannique, d&rsquo;Alberta, d&rsquo;Ontario et du Qu\u00e9bec se sont engag\u00e9s \u00e0 cr\u00e9er le R\u00e9seau canadien ouvert sur la maladie de Parkinson. Le r\u00e9seau recueille des donn\u00e9es cliniques d\u00e9personnalis\u00e9es contenant des informations compl\u00e8tes sur les ant\u00e9c\u00e9dents familiaux, le mode de vie et l&rsquo;environnement de chaque participant, ainsi que des d\u00e9tails sur leurs sympt\u00f4mes de la maladie de Parkinson et leurs m\u00e9dicaments ; des r\u00e9sultats de tests, y compris des informations cognitives et motrices ; et une biobanque contenant des biomat\u00e9riaux extraits d&rsquo;\u00e9chantillons sanguins, y compris de l&rsquo;ADN.    <a href=\"https:\/\/www.parkinson.ca\/fr\/le-reseau-parkinson-canadien-ouvert-la-plateforme-de-recherche-nationale-accelere-les-decouvertes-sur-la-maladie-de-parkinson\/\" target=\"_blank\" rel=\"noreferrer noopener\">Lisez le communiqu\u00e9 de presse complet ici.<\/a> <\/p>\n\n\n\n<div style=\"height:100px\" aria-hidden=\"true\" class=\"wp-block-spacer is-style-responsive-xsmall\"><\/div>\n\n\n\n<div class=\"wp-block-buttons is-content-justification-center is-layout-flex wp-container-core-buttons-is-layout-16018d1d wp-block-buttons-is-layout-flex\">\n<div class=\"wp-block-button\"><a class=\"wp-block-button__link wp-element-button\" href=\"https:\/\/copn-rpco.ca\/?lang=fr\" target=\"_blank\" rel=\"noreferrer noopener\">Consultez leur site web<\/a><\/div>\n<\/div>\n\n\n\n<div style=\"height:100px\" aria-hidden=\"true\" class=\"wp-block-spacer is-style-responsive-small\"><\/div>\n\n\n\n<div class=\"wp-block-group has-ice-blue-background-color has-background is-layout-constrained wp-block-group-is-layout-constrained\">\n<h2 class=\"wp-block-heading has-text-align-center\"><strong>Objectifs du r\u00e9seau <\/strong><\/h2>\n\n\n\n<ul class=\"wp-block-list\">\n<li>promouvoir et faciliter la recherche multicentrique et multidisciplinaire sur la maladie de Parkinson et les troubles connexes  <\/li>\n<\/ul>\n\n\n\n<ul class=\"wp-block-list\">\n<li>mettre en commun des ensembles de donn\u00e9es pour mieux comprendre la physiopathologie  <\/li>\n<\/ul>\n\n\n\n<ul class=\"wp-block-list\">\n<li>accro\u00eetre les possibilit\u00e9s d&rsquo;essais cliniques et la participation \u00e0 ces essais  <\/li>\n<\/ul>\n\n\n\n<ul class=\"wp-block-list\">\n<li>contribuer au d\u00e9veloppement de nouveaux traitements  <\/li>\n<\/ul>\n\n\n\n<ul class=\"wp-block-list\">\n<li>optimiser la recherche translationnelle pour qu&rsquo;elle soit plus rapidement mise \u00e0 la disposition des cliniciens et des soignants  <\/li>\n<\/ul>\n\n\n\n<ul class=\"wp-block-list\">\n<li>am\u00e9liorer les strat\u00e9gies de pr\u00e9vention et de traitement et acc\u00e9l\u00e9rer les d\u00e9couvertes  <\/li>\n<\/ul>\n\n\n\n<ul class=\"wp-block-list\">\n<li>am\u00e9liorer la vie des personnes atteintes de la maladie de Parkinson et de troubles apparent\u00e9s  <\/li>\n<\/ul>\n<\/div>\n\n\n\n<div style=\"height:100px\" aria-hidden=\"true\" class=\"wp-block-spacer is-style-responsive-small\"><\/div>\n\n\n\n<hr class=\"wp-block-separator has-alpha-channel-opacity\"\/>\n\n\n\n<div class=\"wp-block-group is-layout-constrained wp-block-group-is-layout-constrained\">\n<h3 class=\"wp-block-heading\"><strong>Sites du <strong>r\u00e9seau <\/strong> <\/strong><\/h3>\n\n\n\n<details class=\"wp-block-details is-layout-flow wp-block-details-is-layout-flow\"><summary><strong>Comit\u00e9 ex\u00e9cutif :<\/strong><\/summary>\n<p><strong>Dr. Oury Monchi Directeur<\/strong> <strong>Dr. Edward Fon Co-Directeur<\/strong> <strong>Dr. Jon Stoessl<\/strong> <strong>Dr. Antonio Strafella<\/strong>  <\/p>\n\n\n\n<h6 class=\"wp-block-heading\"><strong>Universit\u00e9 de Calgary, Calgary<\/strong><\/h6>\n\n\n\n<p><strong>Dr. Davide Martino<\/strong> Investigateur principal, Directeur <strong>Dr. David Park<\/strong> Co-Investigateur principal  <\/p>\n\n\n\n<h6 class=\"wp-block-heading\"><strong>Universit\u00e9 de l&rsquo;Alberta, Edmonton<\/strong><\/h6>\n\n\n\n<p><strong>Dr. Richard Camicioli<\/strong> Co-chercheur principal <strong>Dr. Janis Miyasaki<\/strong> Co-chercheur principal  <\/p>\n\n\n\n<h6 class=\"wp-block-heading\"><strong>Universit\u00e9 de la Colombie-Britannique, Vancouver<\/strong><\/h6>\n\n\n\n<p><strong>Dr. Jon Stoessl<\/strong> Co-chercheur principal <strong>Dr. Martin McKeown<\/strong> Co-chercheur principal  <\/p>\n\n\n\n<h6 class=\"wp-block-heading\"><strong>Universit\u00e9 McGill, Montr\u00e9al<\/strong><\/h6>\n\n\n\n<p><strong>Dr Edward Fon<\/strong> Codirecteur C-OPN Directeur, R\u00e9seau qu\u00e9b\u00e9cois de la maladie de Parkinson <strong>Dr Anne-Louise Lafontaine<\/strong> Cochercheur principal  <\/p>\n\n\n\n<h6 class=\"wp-block-heading\"><strong>Universit\u00e9 Laval, Qu\u00e9bec<\/strong><\/h6>\n\n\n\n<p><strong>Dr. Nicolas Dupr\u00e9<\/strong> Co-chercheur principal  <\/p>\n\n\n\n<h6 class=\"wp-block-heading\"><strong>Clinique Neuro-L\u00e9vis, L\u00e9vis<\/strong><\/h6>\n\n\n\n<p><strong>Dr. Nicolas Dupr\u00e9<\/strong> Investigateur principal  <\/p>\n\n\n\n<h6 class=\"wp-block-heading\"><strong>Universit\u00e9 de Montr\u00e9al, Montr\u00e9al<\/strong><\/h6>\n\n\n\n<p><strong>Dr. Michel Panniset<\/strong> Chercheur principal  <\/p>\n\n\n\n<h6 class=\"wp-block-heading\"><strong>Universit\u00e9 de Toronto (UHN), Toronto<\/strong><\/h6>\n\n\n\n<p><strong>Dr. Lorraine Kalia<\/strong> Investigateur principal  <\/p>\n\n\n\n<h6 class=\"wp-block-heading\"><strong>Universit\u00e9 d&rsquo;Ottawa, Ottawa<\/strong><\/h6>\n\n\n\n<p><strong>Dr. David Grimes<\/strong> Co-chercheur principal  <\/p>\n\n\n\n<h6 class=\"wp-block-heading\"><strong>Universit\u00e9 de l&rsquo;Ouest, Londres<\/strong><\/h6>\n\n\n\n<p><strong>Dr. Penny MacDonald<\/strong> Investigateur principal  <\/p>\n<\/details>\n<\/div>\n\n\n\n<div style=\"height:100px\" aria-hidden=\"true\" class=\"wp-block-spacer\"><\/div>\n","protected":false},"excerpt":{"rendered":"<p>Il s&rsquo;agit d&rsquo;un r\u00e9seau de recherche national \u00e0 grande \u00e9chelle qui renforcera consid\u00e9rablement notre capacit\u00e9 \u00e0 d\u00e9couvrir les r\u00e9ponses, dans le but de fournir des traitements et des services personnalis\u00e9s qui am\u00e9liorent la vie. Dix des meilleures universit\u00e9s canadiennes et centres de recherche sur les troubles du mouvement de Colombie-Britannique, d&rsquo;Alberta, d&rsquo;Ontario et du Qu\u00e9bec [&hellip;]<\/p>\n","protected":false},"author":107,"featured_media":0,"parent":46120,"menu_order":3,"comment_status":"closed","ping_status":"closed","template":"","meta":{"_acf_changed":false,"footnotes":""},"class_list":["post-48382","page","type-page","status-publish","hentry"],"acf":[],"aioseo_notices":[],"_links":{"self":[{"href":"https:\/\/www.parkinson.ca\/fr\/wp-json\/wp\/v2\/pages\/48382","targetHints":{"allow":["GET"]}}],"collection":[{"href":"https:\/\/www.parkinson.ca\/fr\/wp-json\/wp\/v2\/pages"}],"about":[{"href":"https:\/\/www.parkinson.ca\/fr\/wp-json\/wp\/v2\/types\/page"}],"author":[{"embeddable":true,"href":"https:\/\/www.parkinson.ca\/fr\/wp-json\/wp\/v2\/users\/107"}],"replies":[{"embeddable":true,"href":"https:\/\/www.parkinson.ca\/fr\/wp-json\/wp\/v2\/comments?post=48382"}],"version-history":[{"count":3,"href":"https:\/\/www.parkinson.ca\/fr\/wp-json\/wp\/v2\/pages\/48382\/revisions"}],"predecessor-version":[{"id":48388,"href":"https:\/\/www.parkinson.ca\/fr\/wp-json\/wp\/v2\/pages\/48382\/revisions\/48388"}],"up":[{"embeddable":true,"href":"https:\/\/www.parkinson.ca\/fr\/wp-json\/wp\/v2\/pages\/46120"}],"wp:attachment":[{"href":"https:\/\/www.parkinson.ca\/fr\/wp-json\/wp\/v2\/media?parent=48382"}],"curies":[{"name":"wp","href":"https:\/\/api.w.org\/{rel}","templated":true}]}}

Réseau canadien ouvert de la maladie de Parkinson

<div class="wp-block-cover alignfull"><span aria-hidden="true" class="wp-block-cover__background has-background-dim"></span><img loading="lazy" decoding="async" width="700" height="394" class="wp-block-cover__image-background wp-image-40618" alt="Clinical Trials Research" src="https://parkinson.ca/wp-content/uploads/Template-social-media-and-blog-8-700x394.png" data-object-fit="cover" srcset="https://www.parkinson.ca/wp-content/uploads/Template-social-media-and-blog-8-700x394.png 700w, https://www.parkinson.ca/wp-content/uploads/Template-social-media-and-blog-8-300x169.png 300w, https://www.parkinson.ca/wp-content/uploads/Template-social-media-and-blog-8-150x84.png 150w, https://www.parkinson.ca/wp-content/uploads/Template-social-media-and-blog-8-768x432.png 768w, https://www.parkinson.ca/wp-content/uploads/Template-social-media-and-blog-8-1536x864.png 1536w, https://www.parkinson.ca/wp-content/uploads/Template-social-media-and-blog-8-100x56.png 100w, https://www.parkinson.ca/wp-content/uploads/Template-social-media-and-blog-8-890x501.png 890w, https://www.parkinson.ca/wp-content/uploads/Template-social-media-and-blog-8-1264x711.png 1264w, https://www.parkinson.ca/wp-content/uploads/Template-social-media-and-blog-8.png 1920w" sizes="auto, (max-width: 700px) 100vw, 700px" /><div class="wp-block-cover__inner-container is-layout-flow wp-block-cover-is-layout-flow">
<h2 class="wp-block-heading has-text-align-center has-base-color has-text-color has-link-color has-xlarge-font-size wp-elements-8f362347eea5df8e003f7f011369debf"><strong>Parkinson Canada est un partenaire fondateur, investissant et collaborant avec des chercheurs de premier plan de tout le Canada pour créer le Réseau canadien ouvert de la maladie de Parkinson .</strong></h2>
</div></div>



<div style="height:100px" aria-hidden="true" class="wp-block-spacer is-style-responsive-xsmall"></div>



<div style="height:100px" aria-hidden="true" class="wp-block-spacer is-style-responsive-xsmall"></div>



<p class="has-text-align-center">Il s&rsquo;agit d&rsquo;un réseau de recherche national à grande échelle qui renforcera considérablement notre capacité à découvrir les réponses, dans le but de fournir des traitements et des services personnalisés qui améliorent la vie. Dix des meilleures universités canadiennes et centres de recherche sur les troubles du mouvement de Colombie-Britannique, d&rsquo;Alberta, d&rsquo;Ontario et du Québec se sont engagés à créer le Réseau canadien ouvert sur la maladie de Parkinson. Le réseau recueille des données cliniques dépersonnalisées contenant des informations complètes sur les antécédents familiaux, le mode de vie et l&rsquo;environnement de chaque participant, ainsi que des détails sur leurs symptômes de la maladie de Parkinson et leurs médicaments ; des résultats de tests, y compris des informations cognitives et motrices ; et une biobanque contenant des biomatériaux extraits d&rsquo;échantillons sanguins, y compris de l&rsquo;ADN.    <a href="https://www.parkinson.ca/fr/le-reseau-parkinson-canadien-ouvert-la-plateforme-de-recherche-nationale-accelere-les-decouvertes-sur-la-maladie-de-parkinson/" target="_blank" rel="noreferrer noopener">Lisez le communiqué de presse complet ici.</a> </p>



<div style="height:100px" aria-hidden="true" class="wp-block-spacer is-style-responsive-xsmall"></div>



<div class="wp-block-buttons is-content-justification-center is-layout-flex wp-container-core-buttons-is-layout-16018d1d wp-block-buttons-is-layout-flex">
<div class="wp-block-button"><a class="wp-block-button__link wp-element-button" href="https://copn-rpco.ca/?lang=fr" target="_blank" rel="noreferrer noopener">Consultez leur site web</a></div>
</div>



<div style="height:100px" aria-hidden="true" class="wp-block-spacer is-style-responsive-small"></div>



<div class="wp-block-group has-ice-blue-background-color has-background is-layout-constrained wp-block-group-is-layout-constrained">
<h2 class="wp-block-heading has-text-align-center"><strong>Objectifs du réseau </strong></h2>



<ul class="wp-block-list">
<li>promouvoir et faciliter la recherche multicentrique et multidisciplinaire sur la maladie de Parkinson et les troubles connexes  </li>
</ul>



<ul class="wp-block-list">
<li>mettre en commun des ensembles de données pour mieux comprendre la physiopathologie  </li>
</ul>



<ul class="wp-block-list">
<li>accroître les possibilités d&rsquo;essais cliniques et la participation à ces essais  </li>
</ul>



<ul class="wp-block-list">
<li>contribuer au développement de nouveaux traitements  </li>
</ul>



<ul class="wp-block-list">
<li>optimiser la recherche translationnelle pour qu&rsquo;elle soit plus rapidement mise à la disposition des cliniciens et des soignants  </li>
</ul>



<ul class="wp-block-list">
<li>améliorer les stratégies de prévention et de traitement et accélérer les découvertes  </li>
</ul>



<ul class="wp-block-list">
<li>améliorer la vie des personnes atteintes de la maladie de Parkinson et de troubles apparentés  </li>
</ul>
</div>



<div style="height:100px" aria-hidden="true" class="wp-block-spacer is-style-responsive-small"></div>



<hr class="wp-block-separator has-alpha-channel-opacity"/>



<div class="wp-block-group is-layout-constrained wp-block-group-is-layout-constrained">
<h3 class="wp-block-heading"><strong>Sites du <strong>réseau </strong> </strong></h3>



<details class="wp-block-details is-layout-flow wp-block-details-is-layout-flow"><summary><strong>Comité exécutif :</strong></summary>
<p><strong>Dr. Oury Monchi Directeur</strong> <strong>Dr. Edward Fon Co-Directeur</strong> <strong>Dr. Jon Stoessl</strong> <strong>Dr. Antonio Strafella</strong>  </p>



<h6 class="wp-block-heading"><strong>Université de Calgary, Calgary</strong></h6>



<p><strong>Dr. Davide Martino</strong> Investigateur principal, Directeur <strong>Dr. David Park</strong> Co-Investigateur principal  </p>



<h6 class="wp-block-heading"><strong>Université de l&rsquo;Alberta, Edmonton</strong></h6>



<p><strong>Dr. Richard Camicioli</strong> Co-chercheur principal <strong>Dr. Janis Miyasaki</strong> Co-chercheur principal  </p>



<h6 class="wp-block-heading"><strong>Université de la Colombie-Britannique, Vancouver</strong></h6>



<p><strong>Dr. Jon Stoessl</strong> Co-chercheur principal <strong>Dr. Martin McKeown</strong> Co-chercheur principal  </p>



<h6 class="wp-block-heading"><strong>Université McGill, Montréal</strong></h6>



<p><strong>Dr Edward Fon</strong> Codirecteur C-OPN Directeur, Réseau québécois de la maladie de Parkinson <strong>Dr Anne-Louise Lafontaine</strong> Cochercheur principal  </p>



<h6 class="wp-block-heading"><strong>Université Laval, Québec</strong></h6>



<p><strong>Dr. Nicolas Dupré</strong> Co-chercheur principal  </p>



<h6 class="wp-block-heading"><strong>Clinique Neuro-Lévis, Lévis</strong></h6>



<p><strong>Dr. Nicolas Dupré</strong> Investigateur principal  </p>



<h6 class="wp-block-heading"><strong>Université de Montréal, Montréal</strong></h6>



<p><strong>Dr. Michel Panniset</strong> Chercheur principal  </p>



<h6 class="wp-block-heading"><strong>Université de Toronto (UHN), Toronto</strong></h6>



<p><strong>Dr. Lorraine Kalia</strong> Investigateur principal  </p>



<h6 class="wp-block-heading"><strong>Université d&rsquo;Ottawa, Ottawa</strong></h6>



<p><strong>Dr. David Grimes</strong> Co-chercheur principal  </p>



<h6 class="wp-block-heading"><strong>Université de l&rsquo;Ouest, Londres</strong></h6>



<p><strong>Dr. Penny MacDonald</strong> Investigateur principal  </p>
</details>
</div>



<div style="height:100px" aria-hidden="true" class="wp-block-spacer"></div>

<p>Il s&rsquo;agit d&rsquo;un réseau de recherche national à grande échelle qui renforcera considérablement notre capacité à découvrir les réponses, dans le but de fournir des traitements et des services personnalisés qui améliorent la vie. Dix des meilleures universités canadiennes et centres de recherche sur les troubles du mouvement de Colombie-Britannique, d&rsquo;Alberta, d&rsquo;Ontario et du Québec [&hellip;]</p>
