{"id":46101,"date":"2024-07-05T15:48:16","date_gmt":"2024-07-05T15:48:16","guid":{"rendered":"https:\/\/parkinson.ca\/symptomes\/"},"modified":"2025-02-13T22:14:01","modified_gmt":"2025-02-13T22:14:01","slug":"symptomes","status":"publish","type":"page","link":"https:\/\/www.parkinson.ca\/fr\/quest-ce-que-la-maladie-de-parkinson\/symptomes\/","title":{"rendered":"Sympt\u00f4mes"},"content":{"rendered":"\n<p class=\"has-medium-font-size\">La maladie de Parkinson est g\u00e9n\u00e9ralement caract\u00e9ris\u00e9e par ses sympt\u00f4mes moteurs. Cependant, de nombreuses personnes subissent d&rsquo;autres changements qui ne sont souvent pas identifi\u00e9s comme des sympt\u00f4mes. Il s&rsquo;agit de sympt\u00f4mes non moteurs qui ne sont souvent pas trait\u00e9s. Vous trouverez ci-dessous des informations sur les deux types de sympt\u00f4mes, sur la mani\u00e8re d&rsquo;identifier des sympt\u00f4mes que vous ne soup\u00e7onnez peut-\u00eatre pas d&rsquo;\u00eatre li\u00e9s \u00e0 la maladie de Parkinson et sur la mani\u00e8re de les g\u00e9rer.     <\/p>\n\n\n\n<div style=\"height:100px\" aria-hidden=\"true\" class=\"wp-block-spacer is-style-default\"><\/div>\n\n\n\n<div class=\"wp-block-group has-ice-blue-background-color has-background is-layout-constrained wp-block-group-is-layout-constrained\">\n<h3 class=\"wp-block-heading\">Sympt\u00f4mes moteurs<\/h3>\n\n\n\n<p>La maladie de Parkinson se caract\u00e9rise par  <\/p>\n\n\n\n<div style=\"height:100px\" aria-hidden=\"true\" class=\"wp-block-spacer is-style-responsive-xsmall\"><\/div>\n\n\n\n<div class=\"wp-block-columns is-layout-flex wp-container-core-columns-is-layout-9d6595d7 wp-block-columns-is-layout-flex\">\n<div class=\"wp-block-column is-layout-flow wp-block-column-is-layout-flow\">\n<p class=\"has-text-align-center\"><strong>Lenteur des mouvements<\/strong><\/p>\n<\/div>\n\n\n\n<div class=\"wp-block-column is-layout-flow wp-block-column-is-layout-flow\">\n<p class=\"has-text-align-center\"><strong>Rigidit\u00e9  <\/strong><\/p>\n<\/div>\n\n\n\n<div class=\"wp-block-column is-layout-flow wp-block-column-is-layout-flow\">\n<p class=\"has-text-align-center\"><strong>Tremblements  <\/strong><\/p>\n<\/div>\n\n\n\n<div class=\"wp-block-column is-layout-flow wp-block-column-is-layout-flow\">\n<p class=\"has-text-align-center\"><strong>Instabilit\u00e9 posturale  <\/strong><\/p>\n<\/div>\n<\/div>\n<\/div>\n\n\n\n<div style=\"height:100px\" aria-hidden=\"true\" class=\"wp-block-spacer\"><\/div>\n\n\n\n<div class=\"wp-block-group is-layout-constrained wp-block-group-is-layout-constrained\">\n<h3 class=\"wp-block-heading\">Sympt\u00f4mes non moteurs<\/h3>\n\n\n\n<p>Les sympt\u00f4mes non moteurs peuvent avoir un impact sur votre qualit\u00e9 de vie et peuvent appara\u00eetre avant les sympt\u00f4mes moteurs. Vous ne vous rendez peut-\u00eatre pas compte que ces sympt\u00f4mes sont li\u00e9s \u00e0 la maladie de Parkinson. Par cons\u00e9quent, de nombreux sympt\u00f4mes non moteurs ne sont pas trait\u00e9s.    <\/p>\n\n\n\n<p><strong>La d\u00e9pression pourrait \u00eatre un sympt\u00f4me pr\u00e9coce de la maladie de Parkinson<\/strong> <\/p>\n\n\n\n<p>La d\u00e9pression est l&rsquo;un des sympt\u00f4mes non moteurs les plus courants et les plus invalidants de la maladie de Parkinson. Jusqu&rsquo;\u00e0 50 % des personnes atteintes de la maladie de Parkinson pr\u00e9sentent des sympt\u00f4mes de d\u00e9pression clinique \u00e0 un certain stade de la maladie. Certaines personnes souffrent de d\u00e9pression pendant une dizaine d&rsquo;ann\u00e9es, voire plus, avant de pr\u00e9senter des sympt\u00f4mes moteurs de la maladie de Parkinson.    <\/p>\n\n\n\n<p>La d\u00e9pression clinique et l&rsquo;anxi\u00e9t\u00e9 sont des sympt\u00f4mes sous-diagnostiqu\u00e9s de la maladie de Parkinson. Les chercheurs pensent que la d\u00e9pression et l&rsquo;anxi\u00e9t\u00e9 dans la maladie de Parkinson peuvent \u00eatre dues \u00e0 des changements chimiques et physiques dans la zone du cerveau qui affecte l&rsquo;humeur et le mouvement. Ces changements sont caus\u00e9s par la maladie de Parkinson elle-m\u00eame.    <\/p>\n\n\n\n<div style=\"height:100px\" aria-hidden=\"true\" class=\"wp-block-spacer is-style-responsive-xsmall\"><\/div>\n\n\n\n<div class=\"wp-block-group has-grey-background-color has-background is-layout-constrained wp-block-group-is-layout-constrained\">\n<p><strong>Voici quelques suggestions pour vous aider \u00e0 identifier la d\u00e9pression dans la maladie de Parkinson :  <\/strong><\/p>\n\n\n\n<ul class=\"wp-block-list\">\n<li>Mentionnez les changements d&rsquo;humeur \u00e0 votre m\u00e9decin s&rsquo;il ne vous interroge pas sur ces conditions.  <\/li>\n<\/ul>\n\n\n\n<ul class=\"wp-block-list\">\n<li>Remplissez notre \u00e9chelle de d\u00e9pression g\u00e9riatrique (Geriatric Depression Scale-15) pour noter vos sentiments afin de pouvoir discuter des sympt\u00f4mes avec votre m\u00e9decin. T\u00e9l\u00e9chargez le corrig\u00e9 et comparez vos r\u00e9ponses.   <\/li>\n<\/ul>\n\n\n\n<div style=\"height:100px\" aria-hidden=\"true\" class=\"wp-block-spacer is-style-responsive-xsmall\"><\/div>\n\n\n\n<p><strong>Voici quelques suggestions pour g\u00e9rer la d\u00e9pression :  <\/strong><\/p>\n\n\n\n<ul class=\"wp-block-list\">\n<li>Pour obtenir des informations et un soutien sur la mani\u00e8re de bien vivre avec la maladie de Parkinson, contactez <a href=\"https:\/\/parkinson.ca\/fr\/publications\/ligne-de-soutien-pour-la-maladie-de-parkinson\/\" title=\"Ligne de soutien pour la maladie de Parkinson\">notre ligne de soutien <\/a><\/li>\n<\/ul>\n\n\n\n<ul class=\"wp-block-list\">\n<li>Dans la mesure du possible, restez socialement engag\u00e9 et physiquement actif. R\u00e9sistez \u00e0 l&rsquo;envie de vous isoler.   <\/li>\n<\/ul>\n\n\n\n<ul class=\"wp-block-list\">\n<li>Vous pouvez consulter un psychologue et il existe des m\u00e9dicaments qui aident \u00e0 soulager la d\u00e9pression chez les personnes atteintes de la maladie de Parkinson, notamment la nortriptyline et le citalopram (Celexa).  <\/li>\n<\/ul>\n<\/div>\n<\/div>\n\n\n\n<div style=\"height:100px\" aria-hidden=\"true\" class=\"wp-block-spacer is-style-responsive-xsmall\"><\/div>\n\n\n\n<p><strong>Autres sympt\u00f4mes non moteurs<\/strong> <\/p>\n\n\n\n<p>Les sympt\u00f4mes non moteurs peuvent varier consid\u00e9rablement d&rsquo;un patient \u00e0 l&rsquo;autre :  <\/p>\n\n\n\n<div class=\"wp-block-columns is-layout-flex wp-container-core-columns-is-layout-9d6595d7 wp-block-columns-is-layout-flex\">\n<div class=\"wp-block-column is-layout-flow wp-block-column-is-layout-flow\">\n<ul class=\"wp-block-list\">\n<li>Bave  <\/li>\n<\/ul>\n\n\n\n<ul class=\"wp-block-list\">\n<li>Modification du go\u00fbt et de l&rsquo;odorat  <\/li>\n<\/ul>\n\n\n\n<ul class=\"wp-block-list\">\n<li>Difficult\u00e9s d&rsquo;\u00e9touffement et de d\u00e9glutition  <\/li>\n<\/ul>\n\n\n\n<ul class=\"wp-block-list\">\n<li>Naus\u00e9es et vomissements  <\/li>\n<\/ul>\n\n\n\n<ul class=\"wp-block-list\">\n<li>Constipation  <\/li>\n<\/ul>\n\n\n\n<ul class=\"wp-block-list\">\n<li>Perte incontr\u00f4l\u00e9e de selles  <\/li>\n<\/ul>\n\n\n\n<ul class=\"wp-block-list\">\n<li>Dysfonctionnement de la vessie  <\/li>\n<\/ul>\n\n\n\n<ul class=\"wp-block-list\">\n<li>Changements de poids inexpliqu\u00e9s  <\/li>\n<\/ul>\n\n\n\n<ul class=\"wp-block-list\">\n<li>D\u00e9mence et troubles cognitifs  <\/li>\n<\/ul>\n\n\n\n<ul class=\"wp-block-list\">\n<li>Hallucinations  <\/li>\n<\/ul>\n<\/div>\n\n\n\n<div class=\"wp-block-column is-layout-flow wp-block-column-is-layout-flow\">\n<ul class=\"wp-block-list\">\n<li>Dysfonctionnement sexuel  <\/li>\n<\/ul>\n\n\n\n<ul class=\"wp-block-list\">\n<li>Hypotension orthostatique  <\/li>\n<\/ul>\n\n\n\n<ul class=\"wp-block-list\">\n<li>Somnolence diurne excessive  <\/li>\n<\/ul>\n\n\n\n<ul class=\"wp-block-list\">\n<li>Insomnie  <\/li>\n<\/ul>\n\n\n\n<ul class=\"wp-block-list\">\n<li>Trouble du comportement en sommeil paradoxal  <\/li>\n<\/ul>\n\n\n\n<ul class=\"wp-block-list\">\n<li>Syndrome des jambes sans repos  <\/li>\n<\/ul>\n\n\n\n<ul class=\"wp-block-list\">\n<li>Gonflement des jambes  <\/li>\n<\/ul>\n\n\n\n<ul class=\"wp-block-list\">\n<li>Transpiration excessive  <\/li>\n<\/ul>\n\n\n\n<ul class=\"wp-block-list\">\n<li>Double vision  <\/li>\n<\/ul>\n\n\n\n<ul class=\"wp-block-list\">\n<li>D\u00e9lires et troubles du contr\u00f4le des impulsions  <\/li>\n<\/ul>\n<\/div>\n<\/div>\n\n\n\n<p><\/p>\n\n\n\n<p><strong>Comment identifier et g\u00e9rer les sympt\u00f4mes non moteurs ?<\/strong> <\/p>\n\n\n\n<p>Gr\u00e2ce au soutien de donateurs, des outils et des ressources ont \u00e9t\u00e9 d\u00e9velopp\u00e9s pour vous aider, vous et votre m\u00e9decin, \u00e0 identifier et \u00e0 g\u00e9rer les sympt\u00f4mes non moteurs.  <\/p>\n\n\n\n<div style=\"height:100px\" aria-hidden=\"true\" class=\"wp-block-spacer is-style-responsive-small\"><\/div>\n\n\n\n<div class=\"wp-block-columns alignfull are-vertically-aligned-center has-sky-blue-background-color has-background is-layout-flex wp-container-core-columns-is-layout-9d6595d7 wp-block-columns-is-layout-flex\">\n<div class=\"wp-block-column is-vertically-aligned-center is-layout-flow wp-block-column-is-layout-flow\" style=\"flex-basis:20%\"><\/div>\n\n\n\n<div class=\"wp-block-column is-vertically-aligned-center is-layout-flow wp-block-column-is-layout-flow\">\n<div style=\"height:100px\" aria-hidden=\"true\" class=\"wp-block-spacer is-style-responsive-medium\"><\/div>\n\n\n\n<h2 class=\"wp-block-heading has-text-align-center has-base-color has-text-color\">T\u00e9l\u00e9chargez la maladie de Parkinson : Guide d&rsquo;introduction<\/h2>\n\n\n\n<p class=\"has-text-align-center has-base-color has-text-color has-link-color wp-elements-2261908be591aaa576a92987812d7399\">Ce guide vous aidera \u00e0 mieux comprendre la maladie de Parkinson. \u00c9labor\u00e9 et r\u00e9dig\u00e9 par le Bureau d&rsquo;\u00e9ducation des patients du Centre universitaire de sant\u00e9 McGill, avec le soutien de Parkinson Canada, il d\u00e9crit la maladie, les changements dans votre corps au fil du temps, les options de traitement et de soins, les probl\u00e8mes de sant\u00e9 possibles, ainsi que le moment et l&rsquo;endroit o\u00f9 vous pouvez obtenir de l&rsquo;aide suppl\u00e9mentaire.   <\/p>\n\n\n\n<p class=\"has-text-align-center has-base-color has-text-color has-link-color wp-elements-f20cc45c170b58c36dba1f566d2af53f\">Cette ressource a pour but de vous fournir les outils n\u00e9cessaires pour comprendre la maladie de Parkinson et pour bien vivre. Nous vous encourageons \u00e0 lire ce guide avec votre famille. Apportez-le lors de vos rendez-vous avec votre \u00e9quipe soignante.  <\/p>\n\n\n\n<div class=\"wp-block-buttons is-content-justification-center is-layout-flex wp-container-core-buttons-is-layout-16018d1d wp-block-buttons-is-layout-flex\">\n<div class=\"wp-block-button\"><a class=\"wp-block-button__link has-ice-blue-background-color has-background wp-element-button\" href=\"https:\/\/www.parkinson.ca\/wp-content\/uploads\/2025\/02\/ParkinsonsDisease_neuro_8AUG2018_fr-1.pdf\">T\u00e9l\u00e9chargez le guide  <\/a><\/div>\n<\/div>\n\n\n\n<div style=\"height:100px\" aria-hidden=\"true\" class=\"wp-block-spacer is-style-responsive-medium\"><\/div>\n<\/div>\n\n\n\n<div class=\"wp-block-column is-vertically-aligned-center is-layout-flow wp-block-column-is-layout-flow\" style=\"flex-basis:20%\"><\/div>\n<\/div>\n\n\n\n<div style=\"height:100px\" aria-hidden=\"true\" class=\"wp-block-spacer\"><\/div>\n","protected":false},"excerpt":{"rendered":"<p>La maladie de Parkinson est g\u00e9n\u00e9ralement caract\u00e9ris\u00e9e par ses sympt\u00f4mes moteurs. Cependant, de nombreuses personnes subissent d&rsquo;autres changements qui ne sont souvent pas identifi\u00e9s comme des sympt\u00f4mes. Il s&rsquo;agit de sympt\u00f4mes non moteurs qui ne sont souvent pas trait\u00e9s. Vous trouverez ci-dessous des informations sur les deux types de sympt\u00f4mes, sur la mani\u00e8re d&rsquo;identifier des [&hellip;]<\/p>\n","protected":false},"author":107,"featured_media":0,"parent":46111,"menu_order":0,"comment_status":"closed","ping_status":"closed","template":"","meta":{"_acf_changed":false,"footnotes":""},"class_list":["post-46101","page","type-page","status-publish","hentry"],"acf":[],"aioseo_notices":[],"_links":{"self":[{"href":"https:\/\/www.parkinson.ca\/fr\/wp-json\/wp\/v2\/pages\/46101","targetHints":{"allow":["GET"]}}],"collection":[{"href":"https:\/\/www.parkinson.ca\/fr\/wp-json\/wp\/v2\/pages"}],"about":[{"href":"https:\/\/www.parkinson.ca\/fr\/wp-json\/wp\/v2\/types\/page"}],"author":[{"embeddable":true,"href":"https:\/\/www.parkinson.ca\/fr\/wp-json\/wp\/v2\/users\/107"}],"replies":[{"embeddable":true,"href":"https:\/\/www.parkinson.ca\/fr\/wp-json\/wp\/v2\/comments?post=46101"}],"version-history":[{"count":6,"href":"https:\/\/www.parkinson.ca\/fr\/wp-json\/wp\/v2\/pages\/46101\/revisions"}],"predecessor-version":[{"id":48859,"href":"https:\/\/www.parkinson.ca\/fr\/wp-json\/wp\/v2\/pages\/46101\/revisions\/48859"}],"up":[{"embeddable":true,"href":"https:\/\/www.parkinson.ca\/fr\/wp-json\/wp\/v2\/pages\/46111"}],"wp:attachment":[{"href":"https:\/\/www.parkinson.ca\/fr\/wp-json\/wp\/v2\/media?parent=46101"}],"curies":[{"name":"wp","href":"https:\/\/api.w.org\/{rel}","templated":true}]}}

Symptômes

<p class="has-medium-font-size">La maladie de Parkinson est généralement caractérisée par ses symptômes moteurs. Cependant, de nombreuses personnes subissent d&rsquo;autres changements qui ne sont souvent pas identifiés comme des symptômes. Il s&rsquo;agit de symptômes non moteurs qui ne sont souvent pas traités. Vous trouverez ci-dessous des informations sur les deux types de symptômes, sur la manière d&rsquo;identifier des symptômes que vous ne soupçonnez peut-être pas d&rsquo;être liés à la maladie de Parkinson et sur la manière de les gérer.     </p>



<div style="height:100px" aria-hidden="true" class="wp-block-spacer is-style-default"></div>



<div class="wp-block-group has-ice-blue-background-color has-background is-layout-constrained wp-block-group-is-layout-constrained">
<h3 class="wp-block-heading">Symptômes moteurs</h3>



<p>La maladie de Parkinson se caractérise par  </p>



<div style="height:100px" aria-hidden="true" class="wp-block-spacer is-style-responsive-xsmall"></div>



<div class="wp-block-columns is-layout-flex wp-container-core-columns-is-layout-9d6595d7 wp-block-columns-is-layout-flex">
<div class="wp-block-column is-layout-flow wp-block-column-is-layout-flow">
<p class="has-text-align-center"><strong>Lenteur des mouvements</strong></p>
</div>



<div class="wp-block-column is-layout-flow wp-block-column-is-layout-flow">
<p class="has-text-align-center"><strong>Rigidité  </strong></p>
</div>



<div class="wp-block-column is-layout-flow wp-block-column-is-layout-flow">
<p class="has-text-align-center"><strong>Tremblements  </strong></p>
</div>



<div class="wp-block-column is-layout-flow wp-block-column-is-layout-flow">
<p class="has-text-align-center"><strong>Instabilité posturale  </strong></p>
</div>
</div>
</div>



<div style="height:100px" aria-hidden="true" class="wp-block-spacer"></div>



<div class="wp-block-group is-layout-constrained wp-block-group-is-layout-constrained">
<h3 class="wp-block-heading">Symptômes non moteurs</h3>



<p>Les symptômes non moteurs peuvent avoir un impact sur votre qualité de vie et peuvent apparaître avant les symptômes moteurs. Vous ne vous rendez peut-être pas compte que ces symptômes sont liés à la maladie de Parkinson. Par conséquent, de nombreux symptômes non moteurs ne sont pas traités.    </p>



<p><strong>La dépression pourrait être un symptôme précoce de la maladie de Parkinson</strong> </p>



<p>La dépression est l&rsquo;un des symptômes non moteurs les plus courants et les plus invalidants de la maladie de Parkinson. Jusqu&rsquo;à 50 % des personnes atteintes de la maladie de Parkinson présentent des symptômes de dépression clinique à un certain stade de la maladie. Certaines personnes souffrent de dépression pendant une dizaine d&rsquo;années, voire plus, avant de présenter des symptômes moteurs de la maladie de Parkinson.    </p>



<p>La dépression clinique et l&rsquo;anxiété sont des symptômes sous-diagnostiqués de la maladie de Parkinson. Les chercheurs pensent que la dépression et l&rsquo;anxiété dans la maladie de Parkinson peuvent être dues à des changements chimiques et physiques dans la zone du cerveau qui affecte l&rsquo;humeur et le mouvement. Ces changements sont causés par la maladie de Parkinson elle-même.    </p>



<div style="height:100px" aria-hidden="true" class="wp-block-spacer is-style-responsive-xsmall"></div>



<div class="wp-block-group has-grey-background-color has-background is-layout-constrained wp-block-group-is-layout-constrained">
<p><strong>Voici quelques suggestions pour vous aider à identifier la dépression dans la maladie de Parkinson :  </strong></p>



<ul class="wp-block-list">
<li>Mentionnez les changements d&rsquo;humeur à votre médecin s&rsquo;il ne vous interroge pas sur ces conditions.  </li>
</ul>



<ul class="wp-block-list">
<li>Remplissez notre échelle de dépression gériatrique (Geriatric Depression Scale-15) pour noter vos sentiments afin de pouvoir discuter des symptômes avec votre médecin. Téléchargez le corrigé et comparez vos réponses.   </li>
</ul>



<div style="height:100px" aria-hidden="true" class="wp-block-spacer is-style-responsive-xsmall"></div>



<p><strong>Voici quelques suggestions pour gérer la dépression :  </strong></p>



<ul class="wp-block-list">
<li>Pour obtenir des informations et un soutien sur la manière de bien vivre avec la maladie de Parkinson, contactez <a href="https://parkinson.ca/fr/publications/ligne-de-soutien-pour-la-maladie-de-parkinson/" title="Ligne de soutien pour la maladie de Parkinson">notre ligne de soutien </a></li>
</ul>



<ul class="wp-block-list">
<li>Dans la mesure du possible, restez socialement engagé et physiquement actif. Résistez à l&rsquo;envie de vous isoler.   </li>
</ul>



<ul class="wp-block-list">
<li>Vous pouvez consulter un psychologue et il existe des médicaments qui aident à soulager la dépression chez les personnes atteintes de la maladie de Parkinson, notamment la nortriptyline et le citalopram (Celexa).  </li>
</ul>
</div>
</div>



<div style="height:100px" aria-hidden="true" class="wp-block-spacer is-style-responsive-xsmall"></div>



<p><strong>Autres symptômes non moteurs</strong> </p>



<p>Les symptômes non moteurs peuvent varier considérablement d&rsquo;un patient à l&rsquo;autre :  </p>



<div class="wp-block-columns is-layout-flex wp-container-core-columns-is-layout-9d6595d7 wp-block-columns-is-layout-flex">
<div class="wp-block-column is-layout-flow wp-block-column-is-layout-flow">
<ul class="wp-block-list">
<li>Bave  </li>
</ul>



<ul class="wp-block-list">
<li>Modification du goût et de l&rsquo;odorat  </li>
</ul>



<ul class="wp-block-list">
<li>Difficultés d&rsquo;étouffement et de déglutition  </li>
</ul>



<ul class="wp-block-list">
<li>Nausées et vomissements  </li>
</ul>



<ul class="wp-block-list">
<li>Constipation  </li>
</ul>



<ul class="wp-block-list">
<li>Perte incontrôlée de selles  </li>
</ul>



<ul class="wp-block-list">
<li>Dysfonctionnement de la vessie  </li>
</ul>



<ul class="wp-block-list">
<li>Changements de poids inexpliqués  </li>
</ul>



<ul class="wp-block-list">
<li>Démence et troubles cognitifs  </li>
</ul>



<ul class="wp-block-list">
<li>Hallucinations  </li>
</ul>
</div>



<div class="wp-block-column is-layout-flow wp-block-column-is-layout-flow">
<ul class="wp-block-list">
<li>Dysfonctionnement sexuel  </li>
</ul>



<ul class="wp-block-list">
<li>Hypotension orthostatique  </li>
</ul>



<ul class="wp-block-list">
<li>Somnolence diurne excessive  </li>
</ul>



<ul class="wp-block-list">
<li>Insomnie  </li>
</ul>



<ul class="wp-block-list">
<li>Trouble du comportement en sommeil paradoxal  </li>
</ul>



<ul class="wp-block-list">
<li>Syndrome des jambes sans repos  </li>
</ul>



<ul class="wp-block-list">
<li>Gonflement des jambes  </li>
</ul>



<ul class="wp-block-list">
<li>Transpiration excessive  </li>
</ul>



<ul class="wp-block-list">
<li>Double vision  </li>
</ul>



<ul class="wp-block-list">
<li>Délires et troubles du contrôle des impulsions  </li>
</ul>
</div>
</div>



<p></p>



<p><strong>Comment identifier et gérer les symptômes non moteurs ?</strong> </p>



<p>Grâce au soutien de donateurs, des outils et des ressources ont été développés pour vous aider, vous et votre médecin, à identifier et à gérer les symptômes non moteurs.  </p>



<div style="height:100px" aria-hidden="true" class="wp-block-spacer is-style-responsive-small"></div>



<div class="wp-block-columns alignfull are-vertically-aligned-center has-sky-blue-background-color has-background is-layout-flex wp-container-core-columns-is-layout-9d6595d7 wp-block-columns-is-layout-flex">
<div class="wp-block-column is-vertically-aligned-center is-layout-flow wp-block-column-is-layout-flow" style="flex-basis:20%"></div>



<div class="wp-block-column is-vertically-aligned-center is-layout-flow wp-block-column-is-layout-flow">
<div style="height:100px" aria-hidden="true" class="wp-block-spacer is-style-responsive-medium"></div>



<h2 class="wp-block-heading has-text-align-center has-base-color has-text-color">Téléchargez la maladie de Parkinson : Guide d&rsquo;introduction</h2>



<p class="has-text-align-center has-base-color has-text-color has-link-color wp-elements-2261908be591aaa576a92987812d7399">Ce guide vous aidera à mieux comprendre la maladie de Parkinson. Élaboré et rédigé par le Bureau d&rsquo;éducation des patients du Centre universitaire de santé McGill, avec le soutien de Parkinson Canada, il décrit la maladie, les changements dans votre corps au fil du temps, les options de traitement et de soins, les problèmes de santé possibles, ainsi que le moment et l&rsquo;endroit où vous pouvez obtenir de l&rsquo;aide supplémentaire.   </p>



<p class="has-text-align-center has-base-color has-text-color has-link-color wp-elements-f20cc45c170b58c36dba1f566d2af53f">Cette ressource a pour but de vous fournir les outils nécessaires pour comprendre la maladie de Parkinson et pour bien vivre. Nous vous encourageons à lire ce guide avec votre famille. Apportez-le lors de vos rendez-vous avec votre équipe soignante.  </p>



<div class="wp-block-buttons is-content-justification-center is-layout-flex wp-container-core-buttons-is-layout-16018d1d wp-block-buttons-is-layout-flex">
<div class="wp-block-button"><a class="wp-block-button__link has-ice-blue-background-color has-background wp-element-button" href="https://www.parkinson.ca/wp-content/uploads/2025/02/ParkinsonsDisease_neuro_8AUG2018_fr-1.pdf">Téléchargez le guide  </a></div>
</div>



<div style="height:100px" aria-hidden="true" class="wp-block-spacer is-style-responsive-medium"></div>
</div>



<div class="wp-block-column is-vertically-aligned-center is-layout-flow wp-block-column-is-layout-flow" style="flex-basis:20%"></div>
</div>



<div style="height:100px" aria-hidden="true" class="wp-block-spacer"></div>

<p>La maladie de Parkinson est généralement caractérisée par ses symptômes moteurs. Cependant, de nombreuses personnes subissent d&rsquo;autres changements qui ne sont souvent pas identifiés comme des symptômes. Il s&rsquo;agit de symptômes non moteurs qui ne sont souvent pas traités. Vous trouverez ci-dessous des informations sur les deux types de symptômes, sur la manière d&rsquo;identifier des [&hellip;]</p>
